{"id":2198,"date":"2019-09-04T12:16:02","date_gmt":"2019-09-04T10:16:02","guid":{"rendered":"http:\/\/formative-works.ch\/?post_type=mitarbeiter&#038;p=2198"},"modified":"2023-05-02T11:12:17","modified_gmt":"2023-05-02T09:12:17","slug":"marc-spicher","status":"publish","type":"mitarbeiter","link":"https:\/\/formative-works.ch\/?mitarbeiter=marc-spicher&lang=fr","title":{"rendered":"Marc Spicher BSc"},"content":{"rendered":"\n<p>Marc  Spicher pr\u00e9pare un dipl\u00f4me d&#8217;enseignement en sciences naturelles. Il  soutient l&#8217;\u00e9quipe dans l&#8217;analyse des donn\u00e9es, les transcriptions et la  pr\u00e9sentation des r\u00e9sultats.<\/p>\n","protected":false},"excerpt":{"rendered":"<p>Marc Spicher pr\u00e9pare un dipl\u00f4me d&#8217;enseignement en sciences naturelles. Il soutient l&#8217;\u00e9quipe dans l&#8217;analyse des donn\u00e9es, les transcriptions et la pr\u00e9sentation des r\u00e9sultats.<\/p>\n","protected":false},"featured_media":2202,"template":"","_links":{"self":[{"href":"https:\/\/formative-works.ch\/index.php?rest_route=\/wp\/v2\/mitarbeiter\/2198"}],"collection":[{"href":"https:\/\/formative-works.ch\/index.php?rest_route=\/wp\/v2\/mitarbeiter"}],"about":[{"href":"https:\/\/formative-works.ch\/index.php?rest_route=\/wp\/v2\/types\/mitarbeiter"}],"version-history":[{"count":2,"href":"https:\/\/formative-works.ch\/index.php?rest_route=\/wp\/v2\/mitarbeiter\/2198\/revisions"}],"predecessor-version":[{"id":3206,"href":"https:\/\/formative-works.ch\/index.php?rest_route=\/wp\/v2\/mitarbeiter\/2198\/revisions\/3206"}],"wp:featuredmedia":[{"embeddable":true,"href":"https:\/\/formative-works.ch\/index.php?rest_route=\/wp\/v2\/media\/2202"}],"wp:attachment":[{"href":"https:\/\/formative-works.ch\/index.php?rest_route=%2Fwp%2Fv2%2Fmedia&parent=2198"}],"curies":[{"name":"wp","href":"https:\/\/api.w.org\/{rel}","templated":true}]}}

<p>Marc  Spicher prépare un diplôme d&#8217;enseignement en sciences naturelles. Il  soutient l&#8217;équipe dans l&#8217;analyse des données, les transcriptions et la  présentation des résultats.</p>

<p>Marc Spicher prépare un diplôme d&#8217;enseignement en sciences naturelles. Il soutient l&#8217;équipe dans l&#8217;analyse des données, les transcriptions et la présentation des résultats.</p>
