{"id":935,"date":"2019-11-06T16:42:25","date_gmt":"2019-11-06T15:42:25","guid":{"rendered":"http:\/\/formative-works.ch\/?post_type=mitarbeiter&#038;p=935"},"modified":"2023-05-05T10:41:01","modified_gmt":"2023-05-05T08:41:01","slug":"stefan-kissmann-m-a","status":"publish","type":"mitarbeiter","link":"https:\/\/formative-works.ch\/?mitarbeiter=stefan-kissmann-m-a&lang=fr","title":{"rendered":"Stefan Kissmann, M.A."},"content":{"rendered":"\n<p>Collaborateur scientifique,  responsable de projets, Administrateur de site web<\/p>\n\n\n\n<p><br>Stefan Kissmann (1985) a obtenu un Bachelor of Arts en \u00e9tudes scandinaves et en histoire \u00e0 l&#8217;Universit\u00e9 de Greifswald et travaille r\u00e9guli\u00e8rement en Norv\u00e8ge en tant qu&#8217;\u00e9tudiant salari\u00e9. En \u00e9t\u00e9 2018, il a obtenu un master en \u00e9tudes europ\u00e9ennes \u00e0 l&#8217;Universit\u00e9 de Fribourg (Suisse). En parall\u00e8le \u00e0 son activit\u00e9 professionnelle, il \u00e9tudie l&#8217;informatique.<\/p>\n\n\n\n<p>Parall\u00e8lement \u00e0 ses \u00e9tudes, il travaille depuis 2015 comme assistant scientifique chez formative works, o\u00f9 il a notamment travaill\u00e9 sur l&#8217;interprofessionnalit\u00e9, la vaccination, l&#8217;hygi\u00e8ne et les infections nosocomiales. Ses t\u00e2ches comprennent la recherche, le d\u00e9veloppement de mod\u00e8les, l&#8217;analyse de donn\u00e9es ainsi que la participation \u00e0 la r\u00e9daction de rapports et de publications.<\/p>\n\n\n\n<p>Actuellement, dans le cadre du programme de promotion de l&#8217;OFSP, il est responsable du projet &#8222;Comp\u00e9tences des professionnels dans le domaine sanitaire et social qui sont n\u00e9cessaires pour le contact avec les proches aidants&#8220;, qui s&#8217;ach\u00e8vera en 2020, pour le d\u00e9veloppement de mod\u00e8les et l&#8217;enqu\u00eate en ligne.<\/p>\n","protected":false},"excerpt":{"rendered":"<p>Collaborateur scientifique, responsable de projets, Administrateur de site web Stefan Kissmann (1985) a obtenu un Bachelor of Arts en \u00e9tudes scandinaves et en histoire \u00e0 l&#8217;Universit\u00e9 de Greifswald et travaille &hellip; <\/p>\n<p class=\"link-more\"><a href=\"https:\/\/formative-works.ch\/?mitarbeiter=stefan-kissmann-m-a&#038;lang=fr\" class=\"more-link\"><span class=\"screen-reader-text\">\u201eStefan Kissmann, M.A.\u201c<\/span> weiterlesen<\/a><\/p>\n","protected":false},"featured_media":3077,"template":"","_links":{"self":[{"href":"https:\/\/formative-works.ch\/index.php?rest_route=\/wp\/v2\/mitarbeiter\/935"}],"collection":[{"href":"https:\/\/formative-works.ch\/index.php?rest_route=\/wp\/v2\/mitarbeiter"}],"about":[{"href":"https:\/\/formative-works.ch\/index.php?rest_route=\/wp\/v2\/types\/mitarbeiter"}],"version-history":[{"count":6,"href":"https:\/\/formative-works.ch\/index.php?rest_route=\/wp\/v2\/mitarbeiter\/935\/revisions"}],"predecessor-version":[{"id":3224,"href":"https:\/\/formative-works.ch\/index.php?rest_route=\/wp\/v2\/mitarbeiter\/935\/revisions\/3224"}],"wp:featuredmedia":[{"embeddable":true,"href":"https:\/\/formative-works.ch\/index.php?rest_route=\/wp\/v2\/media\/3077"}],"wp:attachment":[{"href":"https:\/\/formative-works.ch\/index.php?rest_route=%2Fwp%2Fv2%2Fmedia&parent=935"}],"curies":[{"name":"wp","href":"https:\/\/api.w.org\/{rel}","templated":true}]}}

<p>Collaborateur scientifique,  responsable de projets, Administrateur de site web</p>



<p><br>Stefan Kissmann (1985) a obtenu un Bachelor of Arts en études scandinaves et en histoire à l&#8217;Université de Greifswald et travaille régulièrement en Norvège en tant qu&#8217;étudiant salarié. En été 2018, il a obtenu un master en études européennes à l&#8217;Université de Fribourg (Suisse). En parallèle à son activité professionnelle, il étudie l&#8217;informatique.</p>



<p>Parallèlement à ses études, il travaille depuis 2015 comme assistant scientifique chez formative works, où il a notamment travaillé sur l&#8217;interprofessionnalité, la vaccination, l&#8217;hygiène et les infections nosocomiales. Ses tâches comprennent la recherche, le développement de modèles, l&#8217;analyse de données ainsi que la participation à la rédaction de rapports et de publications.</p>



<p>Actuellement, dans le cadre du programme de promotion de l&#8217;OFSP, il est responsable du projet &#8222;Compétences des professionnels dans le domaine sanitaire et social qui sont nécessaires pour le contact avec les proches aidants&#8220;, qui s&#8217;achèvera en 2020, pour le développement de modèles et l&#8217;enquête en ligne.</p>

<p>Collaborateur scientifique, responsable de projets, Administrateur de site web Stefan Kissmann (1985) a obtenu un Bachelor of Arts en études scandinaves et en histoire à l&#8217;Université de Greifswald et travaille &hellip; </p>
<p class="link-more"><a href="https://formative-works.ch/?mitarbeiter=stefan-kissmann-m-a&#038;lang=fr" class="more-link"><span class="screen-reader-text">„Stefan Kissmann, M.A.“</span> weiterlesen</a></p>
