{"id":3018,"date":"2021-03-30T11:57:47","date_gmt":"2021-03-30T09:57:47","guid":{"rendered":"https:\/\/formative-works.ch\/?post_type=projekt&#038;p=3018"},"modified":"2021-06-29T12:38:54","modified_gmt":"2021-06-29T10:38:54","slug":"renforcement-des-soins-palliatifs-pediatriques-meilleure-integration-des-pediatres","status":"publish","type":"projekt","link":"https:\/\/formative-works.ch\/?projekt=renforcement-des-soins-palliatifs-pediatriques-meilleure-integration-des-pediatres&lang=fr","title":{"rendered":"Renforcement des soins palliatifs p\u00e9diatriques &#8211; meilleure int\u00e9gration des p\u00e9diatres"},"content":{"rendered":"\n<p>Les p\u00e9diatres sont de plus en plus impliqu\u00e9s dans les soins aux enfants atteints de maladies limitant leur esp\u00e9rance de vie. Un projet pilote a montr\u00e9 que beaucoup d&#8217;entre eux ne sont pas suffisamment pr\u00e9par\u00e9s aux t\u00e2ches qui leur incombent. D&#8217;une part, les p\u00e9diatres praticiens constatent qu&#8217;ils deviennent des \u00ab figures marginales \u00bb dans le r\u00e9seau de soins et que de nombreuses incertitudes existent. D&#8217;autre part, ils souhaitent b\u00e9n\u00e9ficier d&#8217;un soutien pratique, professionnel et organisationnel afin d&#8217;am\u00e9liorer la qualit\u00e9 des soins \u00e0 proximit\u00e9 du domicile ainsi que la qualit\u00e9 de vie des enfants et des familles concern\u00e9s pendant une p\u00e9riode difficile.<\/p>\n\n\n\n<p>En collaboration avec pro pallium (www.pro-pallium.ch), deux objectifs principaux sont poursuivis dans le cadre d&#8217;un projet national<br>&#8211; D&#8217;une part, il s&#8217;agit de documenter de mani\u00e8re repr\u00e9sentative la mesure dans laquelle les p\u00e9diatres sont confront\u00e9s, dans la pratique, \u00e0 des maladies limitant la dur\u00e9e de vie.<br>&#8211; D&#8217;autre part, un manuel et des instruments de soutien concret seront \u00e9labor\u00e9s en \u00e9troite collaboration avec un conseil consultatif issu de la pratique p\u00e9diatrique ; en outre, des modules de formation continue seront d\u00e9velopp\u00e9s.<\/p>\n\n\n\n<div class=\"wp-block-buttons is-layout-flex wp-block-buttons-is-layout-flex\">\n<div class=\"wp-block-button\"><a class=\"wp-block-button__link\" href=\"https:\/\/formative-works.ch\/wp-content\/uploads\/2021\/06\/Beirat-Projektorganisation-f.pdf\">Conseil consultatif &amp; Organisation du projet<\/a><\/div>\n<\/div>\n\n\n\n<hr class=\"wp-block-separator\"\/>\n\n\n\n<h2 class=\"wp-block-heading\"><strong>S\u2019occuper d\u2019enfants et d\u2019adolescents atteints de maladies r\u00e9duisant leur esp\u00e9rance de vie&nbsp;&#8211; Demande de participation \u00e0 une enqu\u00eate en ligne<\/strong><\/h2>\n\n\n\n<p>3000 \u00e0 5000 enfants et adolescents atteints de maladies r\u00e9duisant leur esp\u00e9rance de vie vivent souvent pendant des ann\u00e9es \u00e0 la maison avec leurs parents et leurs fr\u00e8res et s\u0153urs. Beaucoup de ces maladies graves se terminent par des situations palliatives. Selon la pratique internationale, les soins palliatifs p\u00e9diatriques ne couvrent pas seulement la fin de vie. Pour une prise en charge optimale, un r\u00e9seau multi professionnel est n\u00e9cessaire, incluant \u00e9galement les p\u00e9diatres.<\/p>\n\n\n\n<p>Dans le cadre d&#8217;une \u00e9tude pilote, la p\u00e9diatre Claudia Wandt et le chercheur dans les secteurs de la sant\u00e9 et de la formation Beat Sottas ont sond\u00e9 les pr\u00e9occupations des p\u00e9diatres exer\u00e7ant en cabinet priv\u00e9 pour pro pallium. Les premiers r\u00e9sultats montrent que les p\u00e9diatres de cabinet souhaitent apporter le meilleur soutien possible aux personnes concern\u00e9es. Mais d&#8217;une part, il y a un manque de connaissance des soins palliatifs p\u00e9diatriques, d&#8217;o\u00f9 la crainte du contact, et d&#8217;autre part, des faiblesses ont \u00e9t\u00e9 constat\u00e9es dans la coop\u00e9ration avec les sp\u00e9cialistes dans les cliniques.<\/p>\n\n\n\n<p>Dans le cadre d&#8217;un projet national, des donn\u00e9es sont actuellement collect\u00e9es afin d\u2019avoir un aper\u00e7u de la situation dans diff\u00e9rentes r\u00e9gions de mani\u00e8re aussi repr\u00e9sentative que possible. La premi\u00e8re partie du projet permettra de d\u00e9terminer dans quelle mesure les p\u00e9diatres sont confront\u00e9s aux maladies limitant l&#8217;esp\u00e9rance de vie, leur niveau de connaissance et les d\u00e9fis auxquels ils sont confront\u00e9s. En collaboration avec les organisations nationales et les soci\u00e9t\u00e9s professionnelles r\u00e9gionales\/cantonales ainsi que les organisations professionnelles, tous les p\u00e9diatres travaillant en Suisse sont invit\u00e9s \u00e0 remplir un questionnaire en ligne.<\/p>\n\n\n\n<div class=\"wp-block-columns is-layout-flex wp-container-core-columns-is-layout-1 wp-block-columns-is-layout-flex\">\n<div class=\"wp-block-column is-layout-flow wp-block-column-is-layout-flow\">\n<div class=\"wp-block-buttons is-layout-flex wp-block-buttons-is-layout-flex\">\n<div class=\"wp-block-button\"><a class=\"wp-block-button__link\" href=\"https:\/\/survey.lamapoll.de\/Ambulante_PPC_staerken\/fr\/\">Directement vers le questionnaire <\/a><\/div>\n<\/div>\n<\/div>\n\n\n\n<div class=\"wp-block-column is-layout-flow wp-block-column-is-layout-flow\">\n<figure class=\"wp-block-image size-large is-resized\"><img loading=\"lazy\" decoding=\"async\" src=\"https:\/\/formative-works.ch\/wp-content\/uploads\/2021\/06\/qrcode.png\" alt=\"\" class=\"wp-image-3104\" width=\"242\" height=\"242\" srcset=\"https:\/\/formative-works.ch\/wp-content\/uploads\/2021\/06\/qrcode.png 400w, https:\/\/formative-works.ch\/wp-content\/uploads\/2021\/06\/qrcode-300x300.png 300w, https:\/\/formative-works.ch\/wp-content\/uploads\/2021\/06\/qrcode-150x150.png 150w, https:\/\/formative-works.ch\/wp-content\/uploads\/2021\/06\/qrcode-100x100.png 100w\" sizes=\"(max-width: 242px) 100vw, 242px\" \/><\/figure>\n\n\n\n<p><\/p>\n<\/div>\n<\/div>\n\n\n\n<p>En compl\u00e9ment, des entretiens seront men\u00e9s dans toutes les r\u00e9gions du pays.<\/p>\n\n\n\n<p>En parall\u00e8le, un manuel d&#8217;\u00e9l\u00e9ments concrets de soutien et de formation est en cours d&#8217;\u00e9laboration, en \u00e9troite collaboration avec un conseil consultatif issu de la pratique p\u00e9diatrique.<\/p>\n\n\n\n<p>Informations compl\u00e9mentaire \u00e0<\/p>\n\n\n\n<p><a href=\"mailto:c.wandt@pro-pallium.ch\">c.wandt@pro-pallium.ch<\/a><\/p>\n\n\n\n<p><a href=\"mailto:b.sottas@pro-pallium.ch\">b.sottas@pro-pallium.ch<\/a>&nbsp;&nbsp;&nbsp;<\/p>\n","protected":false},"featured_media":3023,"template":"","categories":[97,91],"tags":[192,204,448,164],"_links":{"self":[{"href":"https:\/\/formative-works.ch\/index.php?rest_route=\/wp\/v2\/projekt\/3018"}],"collection":[{"href":"https:\/\/formative-works.ch\/index.php?rest_route=\/wp\/v2\/projekt"}],"about":[{"href":"https:\/\/formative-works.ch\/index.php?rest_route=\/wp\/v2\/types\/projekt"}],"version-history":[{"count":6,"href":"https:\/\/formative-works.ch\/index.php?rest_route=\/wp\/v2\/projekt\/3018\/revisions"}],"predecessor-version":[{"id":3114,"href":"https:\/\/formative-works.ch\/index.php?rest_route=\/wp\/v2\/projekt\/3018\/revisions\/3114"}],"wp:featuredmedia":[{"embeddable":true,"href":"https:\/\/formative-works.ch\/index.php?rest_route=\/wp\/v2\/media\/3023"}],"wp:attachment":[{"href":"https:\/\/formative-works.ch\/index.php?rest_route=%2Fwp%2Fv2%2Fmedia&parent=3018"}],"wp:term":[{"taxonomy":"category","embeddable":true,"href":"https:\/\/formative-works.ch\/index.php?rest_route=%2Fwp%2Fv2%2Fcategories&post=3018"},{"taxonomy":"post_tag","embeddable":true,"href":"https:\/\/formative-works.ch\/index.php?rest_route=%2Fwp%2Fv2%2Ftags&post=3018"}],"curies":[{"name":"wp","href":"https:\/\/api.w.org\/{rel}","templated":true}]}}

Renforcement des soins palliatifs pédiatriques &#8211; meilleure intégration des pédiatres

<p>Les pédiatres sont de plus en plus impliqués dans les soins aux enfants atteints de maladies limitant leur espérance de vie. Un projet pilote a montré que beaucoup d&#8217;entre eux ne sont pas suffisamment préparés aux tâches qui leur incombent. D&#8217;une part, les pédiatres praticiens constatent qu&#8217;ils deviennent des « figures marginales » dans le réseau de soins et que de nombreuses incertitudes existent. D&#8217;autre part, ils souhaitent bénéficier d&#8217;un soutien pratique, professionnel et organisationnel afin d&#8217;améliorer la qualité des soins à proximité du domicile ainsi que la qualité de vie des enfants et des familles concernés pendant une période difficile.</p>



<p>En collaboration avec pro pallium (www.pro-pallium.ch), deux objectifs principaux sont poursuivis dans le cadre d&#8217;un projet national<br>&#8211; D&#8217;une part, il s&#8217;agit de documenter de manière représentative la mesure dans laquelle les pédiatres sont confrontés, dans la pratique, à des maladies limitant la durée de vie.<br>&#8211; D&#8217;autre part, un manuel et des instruments de soutien concret seront élaborés en étroite collaboration avec un conseil consultatif issu de la pratique pédiatrique ; en outre, des modules de formation continue seront développés.</p>



<div class="wp-block-buttons is-layout-flex wp-block-buttons-is-layout-flex">
<div class="wp-block-button"><a class="wp-block-button__link" href="https://formative-works.ch/wp-content/uploads/2021/06/Beirat-Projektorganisation-f.pdf">Conseil consultatif &amp; Organisation du projet</a></div>
</div>



<hr class="wp-block-separator"/>



<h2 class="wp-block-heading"><strong>S’occuper d’enfants et d’adolescents atteints de maladies réduisant leur espérance de vie&nbsp;&#8211; Demande de participation à une enquête en ligne</strong></h2>



<p>3000 à 5000 enfants et adolescents atteints de maladies réduisant leur espérance de vie vivent souvent pendant des années à la maison avec leurs parents et leurs frères et sœurs. Beaucoup de ces maladies graves se terminent par des situations palliatives. Selon la pratique internationale, les soins palliatifs pédiatriques ne couvrent pas seulement la fin de vie. Pour une prise en charge optimale, un réseau multi professionnel est nécessaire, incluant également les pédiatres.</p>



<p>Dans le cadre d&#8217;une étude pilote, la pédiatre Claudia Wandt et le chercheur dans les secteurs de la santé et de la formation Beat Sottas ont sondé les préoccupations des pédiatres exerçant en cabinet privé pour pro pallium. Les premiers résultats montrent que les pédiatres de cabinet souhaitent apporter le meilleur soutien possible aux personnes concernées. Mais d&#8217;une part, il y a un manque de connaissance des soins palliatifs pédiatriques, d&#8217;où la crainte du contact, et d&#8217;autre part, des faiblesses ont été constatées dans la coopération avec les spécialistes dans les cliniques.</p>



<p>Dans le cadre d&#8217;un projet national, des données sont actuellement collectées afin d’avoir un aperçu de la situation dans différentes régions de manière aussi représentative que possible. La première partie du projet permettra de déterminer dans quelle mesure les pédiatres sont confrontés aux maladies limitant l&#8217;espérance de vie, leur niveau de connaissance et les défis auxquels ils sont confrontés. En collaboration avec les organisations nationales et les sociétés professionnelles régionales/cantonales ainsi que les organisations professionnelles, tous les pédiatres travaillant en Suisse sont invités à remplir un questionnaire en ligne.</p>



<div class="wp-block-columns is-layout-flex wp-container-core-columns-is-layout-1 wp-block-columns-is-layout-flex">
<div class="wp-block-column is-layout-flow wp-block-column-is-layout-flow">
<div class="wp-block-buttons is-layout-flex wp-block-buttons-is-layout-flex">
<div class="wp-block-button"><a class="wp-block-button__link" href="https://survey.lamapoll.de/Ambulante_PPC_staerken/fr/">Directement vers le questionnaire </a></div>
</div>
</div>



<div class="wp-block-column is-layout-flow wp-block-column-is-layout-flow">
<figure class="wp-block-image size-large is-resized"><img loading="lazy" decoding="async" src="https://formative-works.ch/wp-content/uploads/2021/06/qrcode.png" alt="" class="wp-image-3104" width="242" height="242" srcset="https://formative-works.ch/wp-content/uploads/2021/06/qrcode.png 400w, https://formative-works.ch/wp-content/uploads/2021/06/qrcode-300x300.png 300w, https://formative-works.ch/wp-content/uploads/2021/06/qrcode-150x150.png 150w, https://formative-works.ch/wp-content/uploads/2021/06/qrcode-100x100.png 100w" sizes="(max-width: 242px) 100vw, 242px" /></figure>



<p></p>
</div>
</div>



<p>En complément, des entretiens seront menés dans toutes les régions du pays.</p>



<p>En parallèle, un manuel d&#8217;éléments concrets de soutien et de formation est en cours d&#8217;élaboration, en étroite collaboration avec un conseil consultatif issu de la pratique pédiatrique.</p>



<p>Informations complémentaire à</p>



<p><a href="mailto:c.wandt@pro-pallium.ch">c.wandt@pro-pallium.ch</a></p>



<p><a href="mailto:b.sottas@pro-pallium.ch">b.sottas@pro-pallium.ch</a>&nbsp;&nbsp;&nbsp;</p>
