{"id":3152,"date":"2024-06-12T11:22:00","date_gmt":"2024-06-12T09:22:00","guid":{"rendered":"https:\/\/formative-works.ch\/?post_type=projekt&#038;p=3152"},"modified":"2024-06-14T18:21:27","modified_gmt":"2024-06-14T16:21:27","slug":"pour-que-les-proches-de-personnes-atteintes-de-lesions-medullaires-restent-en-bonne-sante-plus-longtemps","status":"publish","type":"projekt","link":"https:\/\/formative-works.ch\/?projekt=pour-que-les-proches-de-personnes-atteintes-de-lesions-medullaires-restent-en-bonne-sante-plus-longtemps&lang=fr","title":{"rendered":"Pour que les proches de personnes atteintes de l\u00e9sions m\u00e9dullaires restent en bonne sant\u00e9 plus longtemps"},"content":{"rendered":"\n<p>Les proches des personnes atteintes d&#8217;une l\u00e9sion de la moelle \u00e9pini\u00e8re ne sont g\u00e9n\u00e9ralement pas visibles. Il existe peu de t\u00e9moignages sur ce qu&#8217;ils vivent, comment ils se sentent et ce dont ils ont besoin pour bien soutenir la personne atteinte d&#8217;une l\u00e9sion de la moelle \u00e9pini\u00e8re &#8211; et pour mener eux-m\u00eames une bonne vie.<br>L&#8217;\u00e9tude a examin\u00e9 ce que la l\u00e9sion de la moelle \u00e9pini\u00e8re signifie pour les proches, comment ils y font face, ce que cela signifie pour leur sant\u00e9 et s&#8217;ils admettent d&#8217;\u00e9ventuels effets n\u00e9gatifs.<br>Les r\u00e9sultats et les recommandations sont disponibles<a href=\"https:\/\/formative-works.ch\/wp-content\/uploads\/2024\/06\/Proches-aidants-et-lesions-medullaires-Resume.pdf\"> ici sous forme de r\u00e9sum\u00e9<\/a>. Le <a href=\"https:\/\/formative-works.ch\/wp-content\/uploads\/2024\/06\/Angehoerige-von-Rueckenmarksverletzten-Schlussbericht.pdf\">rapport complet (en allemand)<\/a> peut \u00eatre t\u00e9l\u00e9charg\u00e9 <a href=\"https:\/\/formative-works.ch\/wp-content\/uploads\/2024\/06\/Angehoerige-von-Rueckenmarksverletzten-Schlussbericht.pdf\">ici<\/a>.<\/p>\n\n\n\n<p>Le projet de recherche est r\u00e9alis\u00e9 en coop\u00e9ration avec l&#8217;institut de recherche <em><em><a href=\"http:\/\/www.formative-works.ch\">formative works<\/a><\/em><\/em> et le <a href=\"http:\/\/www.rehab.ch\">REHAB Basel<\/a>. Il est financ\u00e9 par la <a href=\"https:\/\/www.paraplegie.ch\/fr\/\">Fondation suisse pour parapl\u00e9giques<\/a>.<\/p>\n","protected":false},"featured_media":3171,"template":"","categories":[105,91],"tags":[172,192],"_links":{"self":[{"href":"https:\/\/formative-works.ch\/index.php?rest_route=\/wp\/v2\/projekt\/3152"}],"collection":[{"href":"https:\/\/formative-works.ch\/index.php?rest_route=\/wp\/v2\/projekt"}],"about":[{"href":"https:\/\/formative-works.ch\/index.php?rest_route=\/wp\/v2\/types\/projekt"}],"version-history":[{"count":25,"href":"https:\/\/formative-works.ch\/index.php?rest_route=\/wp\/v2\/projekt\/3152\/revisions"}],"predecessor-version":[{"id":3400,"href":"https:\/\/formative-works.ch\/index.php?rest_route=\/wp\/v2\/projekt\/3152\/revisions\/3400"}],"wp:featuredmedia":[{"embeddable":true,"href":"https:\/\/formative-works.ch\/index.php?rest_route=\/wp\/v2\/media\/3171"}],"wp:attachment":[{"href":"https:\/\/formative-works.ch\/index.php?rest_route=%2Fwp%2Fv2%2Fmedia&parent=3152"}],"wp:term":[{"taxonomy":"category","embeddable":true,"href":"https:\/\/formative-works.ch\/index.php?rest_route=%2Fwp%2Fv2%2Fcategories&post=3152"},{"taxonomy":"post_tag","embeddable":true,"href":"https:\/\/formative-works.ch\/index.php?rest_route=%2Fwp%2Fv2%2Ftags&post=3152"}],"curies":[{"name":"wp","href":"https:\/\/api.w.org\/{rel}","templated":true}]}}

Pour que les proches de personnes atteintes de lésions médullaires restent en bonne santé plus longtemps

<p>Les proches des personnes atteintes d&#8217;une lésion de la moelle épinière ne sont généralement pas visibles. Il existe peu de témoignages sur ce qu&#8217;ils vivent, comment ils se sentent et ce dont ils ont besoin pour bien soutenir la personne atteinte d&#8217;une lésion de la moelle épinière &#8211; et pour mener eux-mêmes une bonne vie.<br>L&#8217;étude a examiné ce que la lésion de la moelle épinière signifie pour les proches, comment ils y font face, ce que cela signifie pour leur santé et s&#8217;ils admettent d&#8217;éventuels effets négatifs.<br>Les résultats et les recommandations sont disponibles<a href="https://formative-works.ch/wp-content/uploads/2024/06/Proches-aidants-et-lesions-medullaires-Resume.pdf"> ici sous forme de résumé</a>. Le <a href="https://formative-works.ch/wp-content/uploads/2024/06/Angehoerige-von-Rueckenmarksverletzten-Schlussbericht.pdf">rapport complet (en allemand)</a> peut être téléchargé <a href="https://formative-works.ch/wp-content/uploads/2024/06/Angehoerige-von-Rueckenmarksverletzten-Schlussbericht.pdf">ici</a>.</p>



<p>Le projet de recherche est réalisé en coopération avec l&#8217;institut de recherche <em><em><a href="http://www.formative-works.ch">formative works</a></em></em> et le <a href="http://www.rehab.ch">REHAB Basel</a>. Il est financé par la <a href="https://www.paraplegie.ch/fr/">Fondation suisse pour paraplégiques</a>.</p>
