{"id":3297,"date":"2021-09-08T12:25:00","date_gmt":"2021-09-08T10:25:00","guid":{"rendered":"https:\/\/formative-works.ch\/?post_type=publikation&#038;p=3297"},"modified":"2023-05-16T12:27:49","modified_gmt":"2023-05-16T10:27:49","slug":"reflexions-sur-la-loi-largent-lesprit-et-les-vents-contraires-de-lacademisation-en-suisse","status":"publish","type":"publikation","link":"https:\/\/formative-works.ch\/?publikation=reflexions-sur-la-loi-largent-lesprit-et-les-vents-contraires-de-lacademisation-en-suisse&lang=fr","title":{"rendered":"R\u00e9flexions sur la loi, l&#8217;argent, l&#8217;esprit et les vents contraires de l&#8217;acad\u00e9misation en Suisse"},"content":{"rendered":"\n<p>Article en allemand : &#8222;(K)Ein Wunschkind, das Karriere macht &#8211; Gedanken zu Gesetz, Geld, Geist und Gegenwind bei der Akademisierungin der Schweiz&#8220; <\/p>\n\n\n\n<p>Cet article pr\u00e9sente l&#8217;acad\u00e9misation des professions de la sant\u00e9 en Suisse dans son contexte historique et politique. Les arguments pour et contre l&#8217;acad\u00e9misation, qu&#8217;ils soient d&#8217;\u00e9poque ou toujours d&#8217;actualit\u00e9, sont pr\u00e9sent\u00e9s. Il n&#8217;est pas possible de faire une comparaison univoque avec l&#8217;Allemagne, mais certains points de r\u00e9flexion peuvent \u00eatre utilis\u00e9s pour formuler des strat\u00e9gies : R\u00e9partition des t\u00e2ches entre les m\u00e9decins et les professions th\u00e9rapeutiques et de soins ; volont\u00e9 politique avec des visions pour le lien entre l&#8217;\u00e9ducation et la sant\u00e9, incitations financi\u00e8res avec des objectifs. Mais les hautes \u00e9coles sp\u00e9cialis\u00e9es et les (associations de) professionnels doivent \u00e9galement apporter leur contribution. Cet article est bas\u00e9 sur la conf\u00e9rence du m\u00eame titre tenue lors du symposium VFWG &#8222;Bachelor-Studieng\u00e4nge in \u00d6sterreich und der Schweiz : Modelle f\u00fcr die Therapie- und Pflegeberufe in Deutschland ?&#8220; du 8 septembre 2021.<\/p>\n\n\n\n<p>INTERNATIONAL JOURNAL OF HEALTH PROFESSIONS<\/p>\n\n\n\n<p>Volume 8, Issue 1, 2021, Pages 152\u2013158,<\/p>\n\n\n\n<p><a href=\"https:\/\/doi.org\/10.2478\/ijhp-2021-0021\">https:\/\/doi.org\/10.2478\/ijhp-2021-0021<\/a><\/p>\n","protected":false},"featured_media":3265,"template":"","categories":[77,91],"tags":[550,350,493,540,528,290,509,303],"_links":{"self":[{"href":"https:\/\/formative-works.ch\/index.php?rest_route=\/wp\/v2\/publikation\/3297"}],"collection":[{"href":"https:\/\/formative-works.ch\/index.php?rest_route=\/wp\/v2\/publikation"}],"about":[{"href":"https:\/\/formative-works.ch\/index.php?rest_route=\/wp\/v2\/types\/publikation"}],"version-history":[{"count":1,"href":"https:\/\/formative-works.ch\/index.php?rest_route=\/wp\/v2\/publikation\/3297\/revisions"}],"predecessor-version":[{"id":3298,"href":"https:\/\/formative-works.ch\/index.php?rest_route=\/wp\/v2\/publikation\/3297\/revisions\/3298"}],"wp:featuredmedia":[{"embeddable":true,"href":"https:\/\/formative-works.ch\/index.php?rest_route=\/wp\/v2\/media\/3265"}],"wp:attachment":[{"href":"https:\/\/formative-works.ch\/index.php?rest_route=%2Fwp%2Fv2%2Fmedia&parent=3297"}],"wp:term":[{"taxonomy":"category","embeddable":true,"href":"https:\/\/formative-works.ch\/index.php?rest_route=%2Fwp%2Fv2%2Fcategories&post=3297"},{"taxonomy":"post_tag","embeddable":true,"href":"https:\/\/formative-works.ch\/index.php?rest_route=%2Fwp%2Fv2%2Ftags&post=3297"}],"curies":[{"name":"wp","href":"https:\/\/api.w.org\/{rel}","templated":true}]}}

Réflexions sur la loi, l&#8217;argent, l&#8217;esprit et les vents contraires de l&#8217;académisation en Suisse

<p>Article en allemand : &#8222;(K)Ein Wunschkind, das Karriere macht &#8211; Gedanken zu Gesetz, Geld, Geist und Gegenwind bei der Akademisierungin der Schweiz&#8220; </p>



<p>Cet article présente l&#8217;académisation des professions de la santé en Suisse dans son contexte historique et politique. Les arguments pour et contre l&#8217;académisation, qu&#8217;ils soient d&#8217;époque ou toujours d&#8217;actualité, sont présentés. Il n&#8217;est pas possible de faire une comparaison univoque avec l&#8217;Allemagne, mais certains points de réflexion peuvent être utilisés pour formuler des stratégies : Répartition des tâches entre les médecins et les professions thérapeutiques et de soins ; volonté politique avec des visions pour le lien entre l&#8217;éducation et la santé, incitations financières avec des objectifs. Mais les hautes écoles spécialisées et les (associations de) professionnels doivent également apporter leur contribution. Cet article est basé sur la conférence du même titre tenue lors du symposium VFWG &#8222;Bachelor-Studiengänge in Österreich und der Schweiz : Modelle für die Therapie- und Pflegeberufe in Deutschland ?&#8220; du 8 septembre 2021.</p>



<p>INTERNATIONAL JOURNAL OF HEALTH PROFESSIONS</p>



<p>Volume 8, Issue 1, 2021, Pages 152–158,</p>



<p><a href="https://doi.org/10.2478/ijhp-2021-0021">https://doi.org/10.2478/ijhp-2021-0021</a></p>
